uppose 0 = -4*o - 4*s - 60, -57 = 5*o + s - 2. Let m be 2/o - 24/(-20). Let g(t) = -t - 1. Calculate g(m).
-2
Let f = 7 + -9. Let x(j) be the second derivative of j**5/10 + j**4/4 + j**3/3 + j**2/2 - j. Give x(f).
-7
Let n(g) = g + 1. Suppose 0*m - 10 = 5*m + 2*l, m + 2*l = -10. Suppose 3*u + m*q - 3*q + 15 = 0, -3*q = 2*u. What is n(u)?
-2
Suppose -5*y + 5*j = -0*y - 25, -j - 2 = 0. Let d(o) = -2*o**2 + 5 - o**y + 3*o**3 - 4 - o**3. Suppose 3*u - g = 8, g = -u - 0 - 4. Calculate d(u).
0
Let s(g) be the third derivative of -g**6/120 + g**4/8 + g**3/3 + 26*g**2. Let u = 4 - 6. Calculate s(u).
4
Let g(b) be the third derivative of -b**5/60 - b**4/6 + b**3/2 - b**2. Suppose 2*y - p + 12 = 5*y, -y - 4*p = 7. Suppose 0 = y*z - 4*z + 4. What is g(z)?
3
Let x(d) = 2*d**3 - 4*d**2 + 3*d. Let j = 0 - -2. Suppose -3*a + 5 = w, -3*w - j = -5*a - 3. Suppose -w*u = 3*u - 10. What is x(u)?
6
Suppose 0*t + 3*h = -5*t - 42, 22 = -t - 4*h. Let a be t/10 + (-8)/20. Let p(i) be the third derivative of -3*i**5/20 + i**3/6 - 5*i**2. What is p(a)?
-8
Let a be 0 + 8/(-2) + (1 - 1). Let c(s) = -2*s**2 - 4*s + 3. What is c(a)?
-13
Let h(i) = 7*i**3 - 12*i**2 - i - 2. Let o(r) = 15*r**3 - 25*r**2 - 3*r - 5. Let b(m) = -13*h(m) + 6*o(m). Determine b(5).
-4
Let k(u) = u**3 + u**2 - u - 1. Let a(r) = 2*r**3 + 2*r**2 - r + 8. Let z(t) = a(t) - k(t). Suppose 0*f = -3*f. Determine z(f).
9
Let x = -9 + 16. Suppose 3 = -5*l - x. Let v(j) be the third derivative of j**6/120 + j**5/60 - j**4/24 - j**3/6 + 4*j**2. Calculate v(l).
-3
Let p be (2*-1)/(2/(-1)). Let l be (p - -1)*4/8. Let a(r) = 7*r - l + 4*r**2 - 5*r**2 + 0. Give a(5).
9
Let o(r) = -r. Let n(l) = -l + 13. Let p(a) = n(a) - 2*o(a). Give p(0).
13
Let n(i) = i**2 - 2*i + 7. Let c(t) = t**2 - 2*t + 6. Let w(x) = -4*c(x) + 3*n(x). Calculate w(4).
-11
Let o(l) = 5*l - 4*l - 2*l**2 + 2*l. Suppose d + 3 = 2*s + 2*d, 4*s + 3*d = 5. Let w be 3*(s - (4 + -3)). Determine o(w).
-9
Let v(a) = 0*a**2 + 2*a + a**2 - 3*a**2 + 1 + 4*a**2. Determine v(-1).
1
Let v(j) = 22*j**2 - 8*j**2 - 15*j**2 + 5*j. Determine v(5).
0
Suppose -u = -6 + 5. Let k(m) be the third derivative of 3/40*m**6 + 0*m + 1/6*m**3 - 1/30*m**5 + 4*m**2 + 0*m**4 + 0. Give k(u).
8
Let b(n) = n**3 + n**2 - n + 11. Suppose -4*m - m = 3*m. Give b(m).
11
Let x(u) be the second derivative of u**3/6 + u**2 + 38*u. What is x(-3)?
-1
Let h(q) = -2*q**2 + 9*q - 6. Let w(m) = -m**2 + 8*m - 6. Let z = 2 - 4. Let n(u) = z*h(u) + 3*w(u). Give n(-5).
-11
Let o(i) = -2*i**3 - 3*i**3 + 3 + 6*i + 4*i**3 + i - 4*i**2. Determine o(-5).
-7
Suppose -y + 9 = 3*d, 3*y = -d + 1 - 6. Let g(h) = 3 + 0 + d - h. Let x = 2 - -3. Give g(x).
2
Suppose -155*a + 158*a = 12. Let p(b) = -2*b. What is p(a)?
-8
Let l(c) = c**2 - c + 1. Let u(s) = s + 3. Suppose 0 = p - 0 + 5. Let r be u(p). What is l(r)?
7
Suppose 0*o = -4*o. Suppose 5 = -o*s + s. Let m(f) = -f**3 + 4*f**2 + 3*f + 7. Calculate m(s).
-3
Let k = 4 - 0. Let t(n) = n**2 - 4*n - 3. Let h be t(k). Let w(a) = a**3 + 4*a**2 - a - 3. Calculate w(h).
9
Let n(k) = -2*k**3 + k**3 + 0*k**3 - 4*k - 5*k**2. Let l(f) = -17*f + 99. Let c be l(6). Determine n(c).
-6
Let r(s) be the first derivative of s**4/4 + s**3 - 3*s**2/2 - 3*s - 3. What is r(-4)?
-7
Let z(r) be the first derivative of r**4/4 + r**3/3 + r**2/2 + 3*r - 3. Let j(p) = -p**2 - p. Let o be j(0). Give z(o).
3
Let g(y) = y**3 - 3*y**2 + y + 3. Let t be g(3). Let m(i) = -5*i + 6*i + t*i + 2 - 3. Suppose 3 - 2 = w. What is m(w)?
6
Let n(f) = f**3 - 4*f**2 + 3*f. Let p(t) = -t**3 + 5*t**2 + 5*t + 8. Let y be ((-4)/(-10))/(11/165). Let x be p(y). Calculate n(x).
-2
Let f = 2 - 0. Let p(s) = -2*s**2 + s**2 - 4*s**2 + 6*s**f - 4. Determine p(0).
-4
Let y(w) = -5*w**3 - 5*w**2 + 2*w - 4. Let f(d) = d**3 + d**2 + 1. Let c(v) = 4*f(v) + y(v). Determine c(2).
-8
Let b(h) = h**3 - 6*h**2 - h + 3. Let m(z) = -4*z**3 + 23*z**2 + 4*z - 13. Let k(c) = 9*b(c) + 2*m(c). Determine k(8).
-7
Let a(r) = 2*r**2 + r + 1. Let k be a(-1). Let f(t) = k - 5 + 1 - 2*t + 1. What is f(2)?
-5
Let n(w) = 3*w - 6. Let r(h) = 5*h - 11. Let q(u) = 7*n(u) - 4*r(u). Determine q(6).
8
Let b(s) = -4*s + 5. Let z = -12 - -16. Calculate b(z).
-11
Let m(d) be the first derivative of d**4/6 + d**3/6 + d**2/2 - 3*d - 2. Let b(i) be the first derivative of m(i). Calculate b(-1).
2
Let v(c) = -c - 11. Let y be 4*((-8)/(-4) + -4). Give v(y).
-3
Let k(g) be the second derivative of -g**3/6 + g**2 + 7*g. Determine k(7).
-5
Let d(u) = u + 1. Let v be 648/66 - (-2)/11. Let b be 49/(-5) + (-2)/v. Let y be b/(1 + (-1 - 2)). Calculate d(y).
6
Let p(w) = 4*w**2 + 7*w - 11. Let f(k) = 3*k**2 + 6*k - 10. Let n(j) = -3*f(j) + 2*p(j). Give n(-6).
-4
Let p(r) = -r**2 + 1. Let z(k) = 2*k**2 - 2*k + 3. Let q(n) = -2*p(n) + z(n). What is q(2)?
13
Let l(i) be the first derivative of -i**3/3 - 3*i**2/2 - 4*i - 41. Determine l(-6).
-22
Suppose 1 = f - 4*p, -4*p + 3*p = -2*f - 5. Let i = f + -3. Let n be (-1)/3 - (-16)/i. Let x(o) = -2*o**2 - 4*o + 1. Calculate x(n).
-5
Let i(v) = -1 + v**2 + 0 + 6. Let s(l) = -l - 1. Let u(t) = i(t) + 4*s(t). Calculate u(5).
6
Let i(v) = 6*v**3 - 2*v + 1. Let z be i(1). Suppose 0*u + 5*u = 10. Let g(a) = 3 - a**3 + 6*a**u - a + 2 - 4*a. Calculate g(z).
5
Let j(o) = 5*o**3 - o**2 - o + 1. Let m be 2/4*16/4. Suppose t - 3 = -m*t. Give j(t).
4
Let n(g) be the third derivative of -g**4/24 - g**3/2 + g**2. Let y be (3 - 3)/(-5 - -6). Determine n(y).
-3
Let f(i) = 0*i + 3 + 8 + i - 19. Calculate f(4).
-4
Suppose -36 = 7*r + 6. Let c(l) = l**2 + 6*l + 9. Calculate c(r).
9
Let c = -2 - -1. Let k = c - -2. Let b(f) be the first derivative of 3*f**4/4 - f**3/3 + f**2 - f + 1. Give b(k).
3
Let j(s) be the third derivative of -s**6/240 - s**5/20 + s**4/8 - 2*s**2. Let c(b) be the second derivative of j(b). What is c(-5)?
9
Let s = -1 + -1. Let v be (1 - (1 - s)) + 4. Let o(r) = 0 + 4 + 0 + v*r. Determine o(-4).
-4
Let n(i) be the third derivative of i**4/8 - 5*i**3/3 - 3*i**2. Let m(a) = 2*a - 9. Let l(y) = 4*m(y) - 3*n(y). Calculate l(-3).
-3
Let g(t) = 3*t + 45. Let k(a) = -a - 15. Let j(o) = -2*g(o) - 7*k(o). Calculate j(-12).
3
Let g(x) = 2*x**3 + 3*x**2 - 5*x - 3. Suppose f - 5*b = -f - 31, -4*f = -4*b + 32. Give g(f).
-15
Let v(s) = -s**3 + 5*s**2 - 5*s + 2. Let u be v(3). Let t(x) = -x**2 + 6*x + 7. What is t(u)?
12
Let d(b) = -2*b**2 - b - 3. Let r(f) = -5*f**2 - 4*f - 8. Let k(w) = 8*d(w) - 3*r(w). Let h be 4/14 + 10/14. Let q(y) = 2*y + 1. Let m be q(h). What is k(m)?
3
Let z(p) = -p + 7. Let t(b) = b - 8. Let u = -94 - -55. Let o be 4/26 + (-150)/u. Let c(f) = o*z(f) + 3*t(f). Calculate c(0).
4
Let a(c) = -c**3 - 5*c**2 + c - 3. Suppose -3*s - x - 2*x - 18 = 0, -2*s + 2*x - 8 = 0. Calculate a(s).
-8
Let p(f) = f**2 + f - 1. Let r(l) = 2*l**2 - 5*l + 4. Let b(g) = 4*p(g) + r(g). Calculate b(1).
5
Let w be (-4)/6*6/4. Let h be (0 + 0)*w/(-2). Let i(r) = h*r**2 - r**3 + 4*r**2 + 0 - r**2 - 3*r + 2. Calculate i(3).
-7
Suppose 2*k = 3 - 11. Let q(u) = -u**3 - 3*u**2 + 6*u + 6. Give q(k).
-2
Let r(u) be the third derivative of -u**5/60 + u**4/3 + 7*u**3/6 + 4*u**2. Determine r(7).
14
Let z(d) = d**2 + 6*d + 94 + 98 - 188. What is z(-6)?
4
Let a(x) = -x**2 - 3. Let c = 34 + -34. Give a(c).
-3
Let i(r) = r**2 + 8*r + 6. Suppose -2*s = -5*s - 15. Determine i(s).
-9
Let z(k) = -14*k**3 + 3*k**2 - 2*k + 3. Let w(l) = -29*l**3 + 7*l**2 - 5*l + 7. Let m(d) = -3*w(d) + 7*z(d). Determine m(-1).
10
Let q(i) = i**3 - 3*i**2 - 7*i + 6. Let b be (1 - 0)/(6/30). Suppose -b*g = 4*o - 24, -7 = 5*o - 3*g - 0. Suppose -y + 5 = o. Calculate q(y).
-6
Let j(z) = z**2 + 7*z + 2. Let b be j(-7). Suppose -b*l = 3*i + 11, -4*l - 3*i = -3*l + 10. Let t(k) = -3*k**2 - 1. Calculate t(l).
-4
Let t(p) = -2*p**3 + 3*p**2 - 2*p + 3. Let s(d) = -6*d**2 + 7*d - 7. Let b(r) = -7*r**2 + 7*r - 8. Let m(f) = 5*b(f) - 6*s(f). Let v be m(7). Calculate t(v).
-5
Let g(s) be the third derivative of -s**5/60 - s**4/3 - 7*s**3/6 - s**2 + 18*s. Determine g(-8).
-7
Let s(k) = k**3 - k**2 + k. Let w(i) = -5*i**3 + 11*i**2 + 4. Let t(x) = 6*s(x) + w(x). Give t(-4).
-4
Suppose -4*r = -16, 5*r + 2 = i + 17. Suppose i*h + 41 = -5*c + 1, 3*h + 12 = 0. Let d(l) = l + 5. Give d(c).
1
Let l(c) = -c + 5. Let g be l(0). Suppose -3 = -4*t + g. Let r(v) = 2*v - 2. Give r(t).
2
Let 